e 13, what is -4 + -23?
-27
In base 15, what is 18 - 27?
-e
In base 5, what is -22 - 13?
-40
In base 6, what is 1304 + -3?
1301
In base 6, what is 2523 + -4?
2515
In base 7, what is -4 + 5455?
5451
In base 7, what is -143 + -1?
-144
In base 5, what is 241 + -111?
130
In base 7, what is 3 + -130?
-124
In base 13, what is 65 - -78?
110
In base 8, what is 1331 + 6?
1337
In base 9, what is -63 - 61?
-134
In base 4, what is 0 - -313?
313
In base 13, what is 2 + -44c?
-44a
In base 3, what is -12102110 + 0?
-12102110
In base 13, what is -2 + 45?
43
In base 10, what is 63 + 2?
65
In base 10, what is -4 + -1158?
-1162
In base 9, what is 123 - -4?
127
In base 2, what is 1100100 - 1000?
1011100
In base 13, what is -2580 + 2?
-257b
In base 3, what is -11 - -2101110?
2101022
In base 13, what is -3a - -4?
-36
In base 10, what is -368 + -19?
-387
In base 3, what is -2211 - -121?
-2020
In base 16, what is -4 - 8c?
-90
In base 7, what is 352 + 20?
402
In base 14, what is b0a + -5?
b05
In base 8, what is 5 + -213?
-206
In base 7, what is -132 - -1?
-131
In base 9, what is -13 - -2430?
2416
In base 4, what is -11 + -200?
-211
In base 4, what is -1 - -31?
30
In base 9, what is 1 + -27?
-26
In base 2, what is 101 - -10010001000?
10010001101
In base 14, what is 1 + -25?
-24
In base 2, what is -100 - -1001011001?
1001010101
In base 3, what is 21110012 - 11?
21110001
In base 5, what is 2 - 12?
-10
In base 13, what is 27 - -90?
b7
In base 4, what is -31 + 3?
-22
In base 15, what is 8b - 3?
88
In base 5, what is -13130 + 4?
-13121
In base 7, what is 235260 - 5?
235252
In base 14, what is 3 + -155?
-152
In base 11, what is 21 - -5?
26
In base 8, what is -32 + -2?
-34
In base 15, what is -b - a?
-16
In base 4, what is -212103 + -3?
-212112
In base 2, what is -1111 + -101101110?
-101111101
In base 6, what is 112 + -100?
12
In base 15, what is 10 - -2?
12
In base 14, what is -4 + 300?
2da
In base 4, what is 321221 - -1?
321222
In base 8, what is -2 + -164?
-166
In base 6, what is -355 - -2?
-353
In base 3, what is -12 - -111?
22
In base 3, what is -121201 - 111?
-122012
In base 3, what is 20 + -22212?
-22122
In base 14, what is 45a1 + -1?
45a0
In base 11, what is 39 + -9?
30
In base 5, what is 14 - -111?
130
In base 16, what is -ed + 1?
-ec
In base 8, what is -1072 - 1?
-1073
In base 16, what is 4 + 20?
24
In base 3, what is -111222 + 1?
-111221
In base 8, what is 5 - -1534?
1541
In base 2, what is 11 + -101000001101?
-101000001010
In base 11, what is -1 + 400?
3aa
In base 9, what is -408 + -12?
-421
In base 7, what is 213 + 4?
220
In base 15, what is -4 - -e5?
e1
In base 8, what is -116 + -44?
-162
In base 4, what is 2 - 221?
-213
In base 4, what is 21 - -130?
211
In base 11, what is 8 + -3?
5
In base 14, what is -1ca - 5?
-1d1
In base 16, what is 90 + 20?
b0
In base 14, what is 1 + -10?
-d
In base 5, what is 213 - -1122?
1340
In base 11, what is 708 - -1?
709
In base 6, what is 13 + 21?
34
In base 7, what is 1546 - 0?
1546
In base 5, what is -4 + -3410?
-3414
In base 16, what is -fb + -2?
-fd
In base 3, what is -12 - -1122?
1110
In base 4, what is 3 + 0?
3
In base 9, what is -3008 + -3?
-3012
In base 11, what is 889 - 5?
884
In base 7, what is -43 - -10?
-33
In base 5, what is -212 + 10?
-202
In base 8, what is 1 - 307?
-306
In base 8, what is 16 + 22?
40
In base 8, what is 0 - 11?
-11
In base 9, what is -2 - 216?
-218
In base 15, what is -4 - 460?
-464
In base 11, what is -397 + -8?
-3a4
In base 4, what is -33311 + 0?
-33311
In base 2, what is -110101 - 110111?
-1101100
In base 2, what is 11111101 - 100?
11111001
In base 12, what is -a5 - 5b?
-144
In base 2, what is 110000000 + -101?
101111011
In base 8, what is 25 + -12?
13
In base 16, what is 2c + -4?
28
In base 8, what is 11021 + -4?
11015
In base 14, what is 5 + -8d5?
-8d0
In base 6, what is -3315 + 0?
-3315
In base 2, what is 1 - 11011001001?
-11011001000
In base 12, what is -13a + -10?
-14a
In base 16, what is 4 - -1bd?
1c1
In base 11, what is -2 - 122?
-124
In base 15, what is -2 + d96?
d94
In base 8, what is 2262 - -5?
2267
In base 5, what is 4 + 21?
30
In base 6, what is -2 + 21?
15
In base 8, what is -151 + 3?
-146
In base 4, what is -1030 + 123?
-301
In base 7, what is -54 + 14?
-40
In base 9, what is 357 + -4?
353
In base 2, what is -10011 - -101?
-1110
In base 2, what is 0 + 11010?
11010
In base 10, what is -470 - 4?
-474
In base 10, what is -6 + 7?
1
In base 13, what is -34c + 2?
-34a
In base 2, what is 1001 + 1?
1010
In base 12, what is 14734 - 0?
14734
In base 11, what is 2 + -17?
-15
In base 10, what is 0 + -69?
-69
In base 3, what is 11202 + 222?
12201
In base 8, what is -5 + 2302?
2275
In base 12, what is 17 - 96?
-7b
In base 8, what is -312 + -3?
-315
In base 13, what is 382 + -2?
380
In base 12, what is -6 - -440?
436
In base 10, what is -26 - 7?
-33
In base 16, what is -33 - -8?
-2b
In base 4, what is -13002 - -103?
-12233
In base 9, what is -1 + -13?
-14
In base 11, what is 165 + 2?
167
In base 2, what is 10101110011101 + 11?
10101110100000
In base 10, what is 5 + -146?
-141
In base 5, what is -101 + -31?
-132
In base 9, what is 704 + 2?
706
In base 12, what is 7 - -1812?
1819
In base 15, what is 4 + -50?
-4b
In base 11, what is 1a + 11?
30
In base 13, what is -14 + 20?
9
In base 7, what is -314 - -63?
-221
In base 3, what is -21120 - -10?
-21110
In base 7, what is -3001 - -3?
-2665
In base 3, what is -12 + -121?
-210
In base 11, what is -234 - 13?
-247
In base 10, what is -1048 + -9?
-1057
In base 2, what is -110 - 10000?
-10110
In base 8, what is -10 - 54?
-64
In base 9, what is 2415 - -6?
2422
In base 7, what is -24 - -3?
-21
In base 16, what is c6 - -76?
13c
In base 11, what is 0 - a96?
-a96
In base 7, what is 62 + -4?
55
In base 12, what is 10 + 8?
18
In base 2, what is -10010101 - 1?
-10010110
In base 3, what is -20022212 - -1?
-20022211
In base 6, what is 302 - -322?
1024
In base 16, what is 5 - b?
-6
In base 15, what is -108 - -4?
-104
In base 4, what is -320 - -101?
-213
In base 15, what is 8 + 4e?
57
In base 10, what is 10 - -9?
19
In base 11, what is -1283 - -8?
-1276
In base 12, what is -1 + 93a?
939
In base 8, what is -1315 + -74?
-1411
In base 9, what is 2 - -4022?
4024
In base 6, what is -11 - -13?
2
In base 15, what is -5 - -9d?
98
In base 12, what is 3 - -91a?
921
In base 15, what is -6682 + 0?
-6682
In base 12, what is 43 + -124?
-a1
In base 5, what is -120200 - 4?
-120204
In base 2, what is 101 + 10010100?
10011001
In base 9, what is -14 + -1?
-15
In base 5, what is 11 - -2424?
2440
In base 14, what is 63 - 3?
60
In base 15, what is -ae8 + -3?
-aeb
In base 10, what is 25 - -3?
28
In base 12, what is 3 + 225?
228
In base 11, what is -5 + -35?
-3a
In base 8, what is -346 + 3?
-343
In base 16, what is 1fe - -c?
20a
In base 9, what is -2005 - 5?
-2011
In base 15, what is -6 + 68?
62
In base 14, what is -438 - 5?
-43d
In base 6, what is -4 + -132?
-140
In base 6, what is -24055 + 3?
-24052
In base 12, what is -1a - -a?
-10
In base 4, what is -13 - 1000?
-1013
In base 16, what is 5f - 8?
57
In base 10, what is -59 - -10?
-49
In base 9, what is -3 - 2732?
-2735
In base 12, what is -14 - -9?
-7
In base 5, what is -1020 + -4?
-1024
In base 16, what is 35 - -ce?
103
In base 14, what is -1ab9 - -4?
-1ab5
In base 7, what is -34 + 26?
-5
In base 2, what is 11100010011 + -101?
11100001110
In base 6, what is -11 + 10?
-1
In base 11, what is -18 - 5aa?
-617
In base 13, what is -44 - 5?
-49
In base 6, what is -523 + 1?
-522
In base 11, what is -1591 - 2?
-1593
In base 13, what is -14b + a?
-141
In base 6, what is -3 + -1312?
-1315
In base 14, what is -200 - -7?
-1d7
In base 16, what is -1c + b?
-11
In base 12, what is -5b + 1?
-5a
In base 5, what is -23304 + 0?
-23304
In base 13, what is 7288 - -3?
728b
In base 6, what is 0 + 5422?
5422
In base 10, what is 20 - 144?
-124
In base 9, what is 1 - 63?
-62
In base 3, what is -10 + -120?
-200
In base 5, what is -13322 + 1?
-13321
In base 15, what is 6ad - -7?
6b5
In base 13, what is 13 - -64?
77
In base 5, what is 310 - -1?
311
In base 5, what is 1 - -32030?
32031
In base 14, what is 385 - -6?
38b
In base 5, what is 224 - -3212?
3441
In base 16, what is 95 + 3?
98
In base 4, what is 11 - 2223?
-2212
In base 10, what is 3 + -80?
-77
In base 11, wh